*2 - 10*a - 2. Calculate w(-5).
-2
Let y(s) = -38*s - 760. Calculate y(-20).
0
Let k(c) = c**2 + 11*c - 38. What is k(-8)?
-62
Let h(j) = -43*j + 862. Calculate h(20).
2
Let u(d) = d**3 - 30*d**2 + 20*d - 66. What is u(29)?
-327
Let i(w) = -48*w + 71. Determine i(3).
-73
Let a(d) = -d**3 + 101*d**2 - 98*d - 181. Give a(100).
19
Let y(i) = -i - 46. What is y(1)?
-47
Let d(h) = 3*h**3 - 39*h**2 + 128*h - 2. Give d(5).
38
Let z(j) = -2*j**3 - 63*j**2 - 107*j - 506. What is z(-30)?
4
Let z(i) = i + 117. What is z(-116)?
1
Let b(r) = 21*r - 165. What is b(8)?
3
Let i(h) = 4*h**3 - 2*h - 26. What is i(0)?
-26
Let n(o) = -o**2 - 1005*o - 43190. Calculate n(-45).
10
Let h(y) = -y**2 - 28*y + 66. Give h(-30).
6
Let a(y) = -y**2 - 40*y - 402. Determine a(-17).
-11
Let x(c) = -36*c - 568. Calculate x(-15).
-28
Let n(i) = -170*i - 1068. What is n(-6)?
-48
Let l(n) = 65*n**2 + 5*n + 4. What is l(-1)?
64
Let z(p) = -2*p**2 + 1542*p - 38716. Determine z(26).
24
Let l(t) = 14*t**2 - 964*t - 105. What is l(69)?
33
Let p(k) = 109*k + 5373. What is p(-49)?
32
Let z(p) = 77*p**2 - 5*p - 10. Give z(-1).
72
Let v(a) = -880*a - 6225. Give v(-7).
-65
Let o(c) = -1348*c - 33705. Give o(-25).
-5
Let d(r) = -5*r + 13. Give d(-15).
88
Let i(v) = -3*v**2 - 5*v - 158. Give i(-11).
-466
Let h(y) = -y**2 - 74*y - 22. Calculate h(0).
-22
Let d(j) = j**3 - 17*j**2 + 11*j + 154. Give d(14).
-280
Let v(h) = -50*h**2 - 2*h - 1. Give v(-1).
-49
Let h(z) = -4*z + 1. Calculate h(-1).
5
Let d(q) = -2*q**2 + 1332*q + 6703. Give d(-5).
-7
Let r(o) = -o**3 - 7*o + 253. Determine r(6).
-5
Let m(z) = z**3 + 6*z**2 - z + 7. Calculate m(3).
85
Let w(g) = -g**2 + 14*g + 10. Calculate w(7).
59
Let k(d) = 3*d**3 + 556*d**2 - 9449*d - 405. What is k(-201)?
-3
Let b(p) = 2*p**3 + 14*p**2 + 34*p + 135. What is b(-6)?
3
Let q(z) = -z**2 - 2481*z + 9934. Give q(4).
-6
Let f(i) = 6*i**3 - 483*i**2 - 243*i + 15. Calculate f(81).
15
Let d(s) = -4*s**2 - 61*s - 125. Determine d(-5).
80
Let o(v) = 144*v**2 + 239*v + 236. Give o(-1).
141
Let h(j) = -2*j**2 - 4*j + 16. What is h(3)?
-14
Let b(k) = 2*k**2 - 124*k - 578. Determine b(66).
-50
Let d(j) = 1109*j + 19955. Calculate d(-18).
-7
Let c(x) = -20*x + 635. Give c(31).
15
Let n(z) = -431*z - 3441. Determine n(-8).
7
Let p(z) = 58*z + 4835. What is p(-84)?
-37
Let j(q) = 157*q + 964. Give j(-6).
22
Let l(x) = -2*x**2 + 105*x + 1136. Determine l(-10).
-114
Let d(q) = 126*q**2 + 2. Calculate d(-1).
128
Let r(h) = 49*h**2 + 14*h - 13. Determine r(1).
50
Let s(x) = 55*x - 817. What is s(16)?
63
Let v(c) = -c**3 - 23*c**2 - 597*c - 16160. What is v(-25)?
15
Let v(w) = w**3 - 15*w**2 + 68*w - 105. Determine v(3).
-9
Let z(k) = 117*k**3 + 5*k**2 - 1. Give z(-1).
-113
Let h(m) = -m**3 + 17*m**2 + 72*m - 1349. Calculate h(15).
181
Let p(v) = v**3 - 11*v**2 - 36*v + 239. What is p(9)?
-247
Let l(t) = -23*t**2 - 228*t + 9. Determine l(-10).
-11
Let m(k) = -6*k**3 - 922*k**2 + 310*k + 195. Determine m(-154).
-113
Let v(m) = -m**3 + 34*m**2 - 87*m - 187. Calculate v(31).
-1
Let r(f) = -56*f - 2621. Give r(-47).
11
Let u(j) = 950*j - 7627. Determine u(8).
-27
Let j(u) = -u**3 - 8*u**2 - 22*u + 11. Calculate j(-5).
46
Let g(t) = -2*t**3 + 72*t**2 + 75*t - 37. Calculate g(37).
0
Let i(q) = 569*q - 6261. What is i(11)?
-2
Let i(t) = -t**2 + 62*t - 874. Determine i(40).
6
Let a(l) = -l**3 - 14*l**2 - 24*l - 17. Determine a(-11).
-116
Let h(t) = 4*t**2 + 73*t + 33. Determine h(-19).
90
Let q(g) = -g**3 - 14*g**2 + 19*g - 25. Calculate q(-15).
-85
Let y(u) = -u**3 + 14*u**2 - 6*u - 82. Give y(13).
9
Let o(m) = 295*m + 4745. Give o(-16).
25
Let j(c) = 2*c**3 - 22*c**2 + 83*c - 190. Determine j(7).
-1
Let y(w) = 346*w - 5184. Determine y(15).
6
Let v(p) = 7*p**2 - 84*p - 484. Give v(16).
-36
Let f(k) = -12*k - 139. Determine f(-21).
113
Let w(u) = 13648*u + 150125. Calculate w(-11).
-3
Let g(h) = 5*h**3 + 68*h**2 + 46*h + 93. Calculate g(-13).
2
Let b(h) = 7*h**3 + 153*h**2 - 34*h - 290. Calculate b(-22).
-26
Let x(d) = -34*d**2 + 240*d - 21. What is x(7)?
-7
Let p(z) = 9*z - 75. What is p(14)?
51
Let h(c) = -c**3 + 7*c**2 + 25*c - 151. Calculate h(8).
-15
Let j(h) = -h**3 - 14*h**2 - 196*h - 1786. Calculate j(-11).
7
Let m(i) = -14*i**2 - 718*i - 217. Give m(-51).
-13
Let u(h) = h**3 + 16*h**2 + 18*h + 142. Determine u(-15).
97
Let c(v) = 2*v**3 + 8*v**2 - 31*v - 129. Calculate c(-5).
-24
Let v(d) = -3*d**2 + 530*d - 350. Calculate v(176).
2
Let x(r) = -125*r - 1241. Give x(-10).
9
Let p(l) = -7020*l - 35106. What is p(-5)?
-6
Let c(f) = -f**3 + 11*f**2 + 146*f - 1556. Determine c(13).
4
Let t(b) = 14*b**2 + 23*b - 10. Determine t(-4).
122
Let t(a) = 2*a**2 + 6*a - 437. Calculate t(13).
-21
Let f(j) = 445*j + 4947. Calculate f(-11).
52
Let t(b) = 58*b + 59. Determine t(-5).
-231
Let o(g) = 39126*g + 117389. Calculate o(-3).
11
Let y(u) = 3*u**2 + 4*u - 35. Calculate y(-9).
172
Let y(h) = 133*h - 3685. Calculate y(28).
39
Let o(n) = n**3 - 8*n**2 - 67*n + 474. Calculate o(10).
4
Let y(q) = q**3 - 415*q**2 + 3659*q - 2031. What is y(406)?
-1
Let i(x) = 171*x**2 - 1026*x + 2. What is i(6)?
2
Let n(f) = 3*f**2 - 13*f + 12. Give n(3).
0
Let f(t) = -9955*t + 59738. Determine f(6).
8
Let r(v) = -v**2 - 220*v + 4735. Determine r(20).
-65
Let r(m) = -m**3 + 131*m**2 + 2356*m - 585. Give r(147).
3
Let d(x) = x**2 + 334*x + 997. Calculate d(-3).
4
Let d(v) = 7*v**2 - 57*v + 89. Calculate d(2).
3
Let q(x) = 11*x + 3. Calculate q(6).
69
Let m(d) = -d**3 - 73*d**2 + 230*d + 148. Give m(-76).
-4
Let b(q) = -2*q**3 - 54*q**2 - 35*q + 438. Calculate b(-26).
-4
Let x(m) = -119*m + 1666. Calculate x(14).
0
Let l(o) = o**2 + 177*o - 541. Give l(3).
-1
Let i(x) = 3*x**2 - 5*x - 240. What is i(14)?
278
Let h(p) = 20*p**2 - 657*p - 120. Give h(33).
-21
Let s(b) = 25*b + 1769. Calculate s(-90).
-481
Let a(u) = -1326*u - 10595. Give a(-8).
13
Let v(s) = -s**3 + 22*s**2 - 67*s + 957. What is v(21)?
-9
Let b(c) = 2*c**3 - 23*c**2 - 9*c + 219. What is b(11)?
-1
Let m(v) = 17*v + 2319. What is m(-138)?
-27
Let b(i) = -i**2 + 343*i + 6254. Give b(-17).
134
Let s(w) = 7441*w - 96723. Determine s(13).
10
Let t(n) = 9*n + 275. Determine t(-49).
-166
Let j(u) = -4*u**3 + 28*u**2 - 62*u - 7. Determine j(5).
-117
Let q(y) = -y**3 + 63*y**2 - 533*y + 31. What is q(10)?
1
Let g(i) = -248*i + 985. Determine g(4).
-7
Let m(g) = 14*g**2 + 111*g + 68. Determine m(-7).
-23
Let b(h) = -h**3 + 144*h**2 + 287*h + 3. Give b(-2).
13
Let f(h) = 4*h**2 + 139*h - 5729. Determine f(-59).
-6
Let a(o) = -1013*o - 15200. What is a(-15)?
-5
Let v(o) = -84*o**2 + 109*o - 111. Determine v(1).
-86
Let f(r) = -4*r**3 - 14*r**2 - 5*r - 6. Give f(-3).
-9
Let n(d) = 2*d**2 - 24*d + 12. Determine n(12).
12
Let f(k) = 14*k + 410. Give f(-36).
-94
Let g(i) = -i**3 + 61*i**2 - 232*i + 227. Calculate g(57).
-1
Let q(s) = -4*s**2 - 206*s + 561. What is q(-54)?
21
Let m(h) = 3114*h - 21795. Determine m(7).
3
Let t(f) = -f**3 - 19*f**2 - 47*f - 151. Calculate t(-17).
70
Let v(j) = 2*j**3 - 97*j + 367. Give v(4).
107
Let m(w) = -134*w - 55. Determine m(-5).
615
Let s(g) = -7*g - 98. What is s(-15)?
7
Let w(u) = 2369*u - 236904. Calculate w(100).
-4
Let s(l) = -65*l + 721. Determine s(11).
6
Let u(t) = -t**3 - 14*t**2 + 76*t - 5. Determine u(4).
11
Let m(k) = 5*k**3 - 55*k**2 - k + 18. Determine m(11).
7
Let w(t) = -t**3 - 12*t**2 - 6*t + 66. Determine w(-10).
-74
Let i(a) = 57*a + 544. Determine i(-3).
373
Let n(v) = -2*v**2 - 5*v + 121. Give n(8).
-47
Let x(g) = -10*g**2 - 1734*g - 700. Determine x(-173).
-8
Let a(j) = j**2 - 3514*j - 24642. Determine a(-7).
5
Let u(d) = -730*d + 2. Determine u(0).
2
Let g(o) = -o**2 - 8*o + 149. What is g(-17)?
-4
Let y(w) = w**2 + 19*w + 85. Determine y(-17).
51
Let v(w) = -43*w**2 - 12*w + 4. Give v(4).
-732
Let z(p) = -2*p**2 - 40*p + 196. Calculate z(-24).
4
Let l(r) = 2*r**3 - 29*r**2 - 32*r - 221. What is l(16)?
35
Let t(p) = -1060*p - 10624. Calculate t(-10).
-24
Let l(u) = -u**2 - 104*u - 667. What is l(-97)?
12
Let z(o) = 16*o + 280. What is z(-14)?
56
Let h(u) = -37*u + 1257. Calculate h(34).
-1
Let b(x) = -4*x**2 - 121*x - 207. Calculate b(-28).
45
Let m(z) = 3*z**2 - 43*z + 312. Give m(12).
228
Let k(p) = -395*p + 11048. Calculate k(28).
-12
Let i(a) = 859*a - 6851. Determine i(8).
21
Let j(o